{"id":432,"date":"2016-02-02T10:00:59","date_gmt":"2016-02-02T09:00:59","guid":{"rendered":"http:\/\/mathematicum.univ-pau.fr\/site\/?page_id=432"},"modified":"2024-02-13T14:56:56","modified_gmt":"2024-02-13T13:56:56","slug":"a-propos","status":"publish","type":"page","link":"https:\/\/mathematicum.univ-pau.fr\/site\/a-propos\/","title":{"rendered":"\u00c0 propos de ce site"},"content":{"rendered":"<p><a href=\"http:\/\/mathematicum.univ-pau.fr\/site\/wp-content\/uploads\/2015\/12\/logo-UPPA-150.png\" rel=\"attachment wp-att-165\"><img loading=\"lazy\" decoding=\"async\" class=\"alignright size-full wp-image-165\" src=\"http:\/\/mathematicum.univ-pau.fr\/site\/wp-content\/uploads\/2015\/12\/logo-UPPA-150.png\" alt=\"UPPA\" width=\"150\" height=\"67\" \/><\/a>Le <strong>Mathematicum<\/strong> est un site web \u00e9dit\u00e9 et h\u00e9berg\u00e9 par l&rsquo;<a href=\"http:\/\/www.univ-pau.fr\" target=\"_blank\" rel=\"noopener\">Universit\u00e9 de Pau et des Pays de l&rsquo;Adour<\/a>, pour la promotion et la diffusion de la culture math\u00e9matique.<\/p>\n<p>Les responsables \u00e9ditoriaux sont : <a href=\"http:\/\/jcresson.perso.univ-pau.fr\" target=\"_blank\" rel=\"noopener\">Jacky Cresson<\/a>\u00a0et\u00a0<a href=\"http:\/\/darrigan.net\" target=\"_blank\" rel=\"noopener\">Clovis Darrigan<\/a>.<\/p>\n<p>Pour tout renseignement, consultez la <a href=\"http:\/\/mathematicum.univ-pau.fr\/site\/contact\/\">page de contact<\/a>.<\/p>\n<h3>Cr\u00e9dits images<\/h3>\n<p>L&rsquo;image utilis\u00e9e pour le fond du bandeau est adapt\u00e9e d&rsquo;une composition originale\u00a0de <a href=\"http:\/\/www.lifl.fr\/~decomite\/\" target=\"_blank\" rel=\"noopener\">Francesco De Comit\u00e9<\/a>, sous\u00a0<a href=\"https:\/\/creativecommons.org\/licenses\/by\/2.0\/fr\/\" target=\"_blank\" rel=\"noopener\">licence Creative Commons Attribution 2.0<\/a>,\u00a0recadr\u00e9e et \u00e9claircie pour les besoins esth\u00e9tiques. (Voir <a href=\"https:\/\/www.flickr.com\/photos\/fdecomite\/7706188796\" target=\"_blank\" rel=\"noopener\">image originale<\/a> dans son <a href=\"https:\/\/www.flickr.com\/photos\/fdecomite\/albums\/72157635284927337\" target=\"_blank\" rel=\"noopener\">album flickr<\/a>.)<\/p>\n<p>&nbsp;<\/p>\n","protected":false},"excerpt":{"rendered":"<p>Le Mathematicum est un site web \u00e9dit\u00e9 et h\u00e9berg\u00e9 par l&rsquo;Universit\u00e9 de Pau et des Pays de l&rsquo;Adour, pour la promotion et la diffusion de la culture math\u00e9matique. Les responsables \u00e9ditoriaux sont : Jacky Cresson\u00a0et\u00a0Clovis Darrigan. Pour tout renseignement, consultez la page de contact. Cr\u00e9dits images L&rsquo;image utilis\u00e9e pour le fond du bandeau est adapt\u00e9e [&hellip;]<\/p>\n","protected":false},"author":1,"featured_media":0,"parent":0,"menu_order":0,"comment_status":"closed","ping_status":"closed","template":"","meta":{"_acf_changed":false,"footnotes":""},"class_list":["post-432","page","type-page","status-publish","hentry"],"acf":[],"_links":{"self":[{"href":"https:\/\/mathematicum.univ-pau.fr\/site\/wp-json\/wp\/v2\/pages\/432","targetHints":{"allow":["GET"]}}],"collection":[{"href":"https:\/\/mathematicum.univ-pau.fr\/site\/wp-json\/wp\/v2\/pages"}],"about":[{"href":"https:\/\/mathematicum.univ-pau.fr\/site\/wp-json\/wp\/v2\/types\/page"}],"author":[{"embeddable":true,"href":"https:\/\/mathematicum.univ-pau.fr\/site\/wp-json\/wp\/v2\/users\/1"}],"replies":[{"embeddable":true,"href":"https:\/\/mathematicum.univ-pau.fr\/site\/wp-json\/wp\/v2\/comments?post=432"}],"version-history":[{"count":9,"href":"https:\/\/mathematicum.univ-pau.fr\/site\/wp-json\/wp\/v2\/pages\/432\/revisions"}],"predecessor-version":[{"id":1821,"href":"https:\/\/mathematicum.univ-pau.fr\/site\/wp-json\/wp\/v2\/pages\/432\/revisions\/1821"}],"wp:attachment":[{"href":"https:\/\/mathematicum.univ-pau.fr\/site\/wp-json\/wp\/v2\/media?parent=432"}],"curies":[{"name":"wp","href":"https:\/\/api.w.org\/{rel}","templated":true}]}}

À propos de ce site

<p><a href="http://mathematicum.univ-pau.fr/site/wp-content/uploads/2015/12/logo-UPPA-150.png" rel="attachment wp-att-165"><img loading="lazy" decoding="async" class="alignright size-full wp-image-165" src="http://mathematicum.univ-pau.fr/site/wp-content/uploads/2015/12/logo-UPPA-150.png" alt="UPPA" width="150" height="67" /></a>Le <strong>Mathematicum</strong> est un site web édité et hébergé par l&rsquo;<a href="http://www.univ-pau.fr" target="_blank" rel="noopener">Université de Pau et des Pays de l&rsquo;Adour</a>, pour la promotion et la diffusion de la culture mathématique.</p>
<p>Les responsables éditoriaux sont : <a href="http://jcresson.perso.univ-pau.fr" target="_blank" rel="noopener">Jacky Cresson</a> et <a href="http://darrigan.net" target="_blank" rel="noopener">Clovis Darrigan</a>.</p>
<p>Pour tout renseignement, consultez la <a href="http://mathematicum.univ-pau.fr/site/contact/">page de contact</a>.</p>
<h3>Crédits images</h3>
<p>L&rsquo;image utilisée pour le fond du bandeau est adaptée d&rsquo;une composition originale de <a href="http://www.lifl.fr/~decomite/" target="_blank" rel="noopener">Francesco De Comité</a>, sous <a href="https://creativecommons.org/licenses/by/2.0/fr/" target="_blank" rel="noopener">licence Creative Commons Attribution 2.0</a>, recadrée et éclaircie pour les besoins esthétiques. (Voir <a href="https://www.flickr.com/photos/fdecomite/7706188796" target="_blank" rel="noopener">image originale</a> dans son <a href="https://www.flickr.com/photos/fdecomite/albums/72157635284927337" target="_blank" rel="noopener">album flickr</a>.)</p>
<p>&nbsp;</p>

<p>Le Mathematicum est un site web édité et hébergé par l&rsquo;Université de Pau et des Pays de l&rsquo;Adour, pour la promotion et la diffusion de la culture mathématique. Les responsables éditoriaux sont : Jacky Cresson et Clovis Darrigan. Pour tout renseignement, consultez la page de contact. Crédits images L&rsquo;image utilisée pour le fond du bandeau est adaptée [&hellip;]</p>
