{"id":368,"date":"2016-01-27T22:44:33","date_gmt":"2016-01-27T21:44:33","guid":{"rendered":"http:\/\/mathematicum.univ-pau.fr\/site\/?page_id=368"},"modified":"2025-12-01T20:58:47","modified_gmt":"2025-12-01T19:58:47","slug":"membres-du-mathematicum","status":"publish","type":"page","link":"https:\/\/mathematicum.univ-pau.fr\/site\/membres-du-mathematicum\/","title":{"rendered":"Membres du Mathematicum"},"content":{"rendered":"<p style=\"text-align: justify;\">L&rsquo;\u00e9quipe du <strong>Mathematicum<\/strong> est constitu\u00e9e de membres permanents du <a href=\"http:\/\/lma-umr5142.univ-pau.fr\" target=\"_blank\" rel=\"noopener\">Laboratoire de Math\u00e9matiques et leurs Applications<\/a>\u00a0(LMA,\u00a0UMR 5142 UPPA\/CNRS) situ\u00e9s sur le campus de Pau et celui de la c\u00f4te Basque \u00e0 Anglet :<\/p>\n<table>\n<tbody>\n<tr>\n<td style=\"text-align: left; vertical-align: middle;\"><a href=\"http:\/\/jcresson.perso.univ-pau.fr\/\" target=\"_blank\" rel=\"noopener\">Jacky Cresson<br \/>\n<\/a>Professeur des universit\u00e9s<\/td>\n<td style=\"width: 160px; text-align: center; vertical-align: middle;\"><img loading=\"lazy\" decoding=\"async\" class=\"alignright wp-image-130 size-thumbnail\" src=\"https:\/\/mathematicum.univ-pau.fr\/site\/wp-content\/uploads\/2015\/03\/IMG_0375-150x150.jpeg\" alt=\"\" width=\"150\" height=\"150\" \/><\/td>\n<\/tr>\n<tr>\n<td style=\"text-align: left; vertical-align: middle;\"><a href=\"http:\/\/laurenehume.fr\" target=\"_blank\" rel=\"noopener\">Laur\u00e8ne Hume<br \/>\n<\/a>Post-doctorante<\/td>\n<td style=\"vertical-align: middle; text-align: center;\"><img loading=\"lazy\" decoding=\"async\" class=\"alignright wp-image-1397 size-thumbnail\" src=\"https:\/\/mathematicum.univ-pau.fr\/site\/wp-content\/uploads\/2019\/04\/2IMG_3587-copie-150x150.jpg\" alt=\"\" width=\"150\" height=\"150\" srcset=\"https:\/\/mathematicum.univ-pau.fr\/site\/wp-content\/uploads\/2019\/04\/2IMG_3587-copie-150x150.jpg 150w, https:\/\/mathematicum.univ-pau.fr\/site\/wp-content\/uploads\/2019\/04\/2IMG_3587-copie-300x300.jpg 300w, https:\/\/mathematicum.univ-pau.fr\/site\/wp-content\/uploads\/2019\/04\/2IMG_3587-copie-624x624.jpg 624w, https:\/\/mathematicum.univ-pau.fr\/site\/wp-content\/uploads\/2019\/04\/2IMG_3587-copie.jpg 794w\" sizes=\"auto, (max-width: 150px) 100vw, 150px\" \/><\/td>\n<\/tr>\n<tr>\n<td style=\"text-align: left; vertical-align: middle;\"><a href=\"http:\/\/web.univ-pau.fr\/~igreff\/\" target=\"_blank\" rel=\"noopener\">Isabelle Greff<br \/>\n<\/a>Ma\u00eetre de conf\u00e9rences<\/td>\n<td style=\"vertical-align: middle; text-align: right;\"><img loading=\"lazy\" decoding=\"async\" class=\"wp-image-1198 alignright\" src=\"https:\/\/mathematicum.univ-pau.fr\/site\/wp-content\/uploads\/2018\/04\/isabelle-greff.jpg\" alt=\"\" width=\"150\" height=\"150\" \/><\/td>\n<\/tr>\n<tr>\n<td style=\"text-align: left; vertical-align: middle;\"><a href=\"https:\/\/sites.google.com\/site\/levilaurenthomepage\/home\" target=\"_blank\" rel=\"noopener\">Laurent Levi<br \/>\n<\/a>Ma\u00eetre de conf\u00e9rences<\/td>\n<td style=\"text-align: left; vertical-align: middle;\"><img loading=\"lazy\" decoding=\"async\" class=\"wp-image-1202 alignright\" src=\"https:\/\/mathematicum.univ-pau.fr\/site\/wp-content\/uploads\/2018\/04\/laurent-levi.jpg\" alt=\"\" width=\"150\" height=\"150\" \/><\/td>\n<\/tr>\n<tr>\n<td style=\"text-align: left; vertical-align: middle;\">B\u00e9n\u00e9dicte Puig<br \/>\nMa\u00eetre de conf\u00e9rences<\/td>\n<td style=\"text-align: left; vertical-align: middle;\"><img loading=\"lazy\" decoding=\"async\" class=\"size-thumbnail wp-image-1200 alignright\" src=\"https:\/\/mathematicum.univ-pau.fr\/site\/wp-content\/uploads\/2018\/04\/benedicte-puig-150x150.jpg\" alt=\"\" width=\"150\" height=\"150\" srcset=\"https:\/\/mathematicum.univ-pau.fr\/site\/wp-content\/uploads\/2018\/04\/benedicte-puig-150x150.jpg 150w, https:\/\/mathematicum.univ-pau.fr\/site\/wp-content\/uploads\/2018\/04\/benedicte-puig.jpg 170w\" sizes=\"auto, (max-width: 150px) 100vw, 150px\" \/><\/td>\n<\/tr>\n<tr>\n<td style=\"text-align: left; vertical-align: middle;\"><a href=\"http:\/\/jvalles.perso.univ-pau.fr\/\" target=\"_blank\" rel=\"noopener\">Jean Vall\u00e8s<br \/>\n<\/a>Ma\u00eetre de conf\u00e9rences<\/td>\n<td style=\"text-align: left; vertical-align: middle;\"><img loading=\"lazy\" decoding=\"async\" class=\"size-thumbnail wp-image-1201 alignright\" src=\"https:\/\/mathematicum.univ-pau.fr\/site\/wp-content\/uploads\/2018\/04\/jean-valles-150x150.jpg\" alt=\"\" width=\"150\" height=\"150\" srcset=\"https:\/\/mathematicum.univ-pau.fr\/site\/wp-content\/uploads\/2018\/04\/jean-valles-150x150.jpg 150w, https:\/\/mathematicum.univ-pau.fr\/site\/wp-content\/uploads\/2018\/04\/jean-valles.jpg 170w\" sizes=\"auto, (max-width: 150px) 100vw, 150px\" \/><\/td>\n<\/tr>\n<tr>\n<td style=\"text-align: left; vertical-align: middle;\">Noelle Bru<br \/>\nMa\u00eetre de conf\u00e9rences<\/td>\n<td style=\"text-align: left; vertical-align: middle;\"><img loading=\"lazy\" decoding=\"async\" class=\"alignright wp-image-876 size-full\" src=\"https:\/\/mathematicum.univ-pau.fr\/site\/wp-content\/uploads\/2016\/01\/Noelle-BRU-WEB1-180x180-150x150.jpg\" alt=\"\" width=\"150\" height=\"150\" \/><\/td>\n<\/tr>\n<tr>\n<td style=\"text-align: left; vertical-align: middle;\"><a href=\"https:\/\/sites.google.com\/site\/benoitliquet\/home\">Beno\u00eet Liquet<br \/>\n<\/a>Professeur des universit\u00e9s<\/td>\n<td style=\"text-align: left; vertical-align: middle;\"><a href=\"https:\/\/mathematicum.univ-pau.fr\/site\/wp-content\/uploads\/2018\/04\/BenoitLiquet.jpg\"><img loading=\"lazy\" decoding=\"async\" class=\"size-thumbnail wp-image-1196 alignright\" src=\"https:\/\/mathematicum.univ-pau.fr\/site\/wp-content\/uploads\/2018\/04\/BenoitLiquet-150x150.jpg\" alt=\"Benoit Liquet\" width=\"150\" height=\"150\" srcset=\"https:\/\/mathematicum.univ-pau.fr\/site\/wp-content\/uploads\/2018\/04\/BenoitLiquet-150x150.jpg 150w, https:\/\/mathematicum.univ-pau.fr\/site\/wp-content\/uploads\/2018\/04\/BenoitLiquet.jpg 214w\" sizes=\"auto, (max-width: 150px) 100vw, 150px\" \/><\/a><\/td>\n<\/tr>\n<tr>\n<td style=\"text-align: left; vertical-align: middle;\">Vincent Douce<br \/>\nProfesseur agr\u00e9g\u00e9<\/td>\n<td style=\"vertical-align: middle; text-align: center;\"><img loading=\"lazy\" decoding=\"async\" class=\"alignright wp-image-1606 size-thumbnail\" src=\"https:\/\/mathematicum.univ-pau.fr\/site\/wp-content\/uploads\/2023\/12\/vincent-douce-150x150.jpg\" alt=\"Vincent Douce\" width=\"150\" height=\"150\" srcset=\"https:\/\/mathematicum.univ-pau.fr\/site\/wp-content\/uploads\/2023\/12\/vincent-douce-150x150.jpg 150w, https:\/\/mathematicum.univ-pau.fr\/site\/wp-content\/uploads\/2023\/12\/vincent-douce-300x300.jpg 300w, https:\/\/mathematicum.univ-pau.fr\/site\/wp-content\/uploads\/2023\/12\/vincent-douce.jpg 450w\" sizes=\"auto, (max-width: 150px) 100vw, 150px\" \/><\/td>\n<\/tr>\n<\/tbody>\n<\/table>\n<p>des doctorants du LMA :<\/p>\n<ul>\n<li>Jordy Palafox<\/li>\n<li>Mamadou N&rsquo;Diaye<\/li>\n<li>Abdel Kader Al Sayed<\/li>\n<li>Marc Lalaude-Labaye<\/li>\n<li>Justine Labat<\/li>\n<li>Aur\u00e9lien Citrain<\/li>\n<li>Mohamed Id Moulay<\/li>\n<li>Simon Tiendr\u00e9b\u00e9ogo<\/li>\n<\/ul>\n<p>d&rsquo;un \u00e9tudiant de l&rsquo;<a href=\"https:\/\/www.espe-aquitaine.fr\" target=\"_blank\" rel=\"noopener\">ESPE d&rsquo;Aquitaine<\/a> \u00e0 Pau :<\/p>\n<ul>\n<li>Baptiste Anerot<\/li>\n<\/ul>\n<p>et\u00a0:<\/p>\n<table>\n<tbody>\n<tr>\n<td style=\"text-align: left; vertical-align: middle;\"><a href=\"https:\/\/darrigan.net\" target=\"_blank\" rel=\"noopener\">Clovis Darrigan<br \/>\n<\/a>Ma\u00eetre de conf\u00e9rences<\/td>\n<td style=\"width: 160px; text-align: center; vertical-align: middle;\"><img loading=\"lazy\" decoding=\"async\" class=\"size-thumbnail wp-image-1199 alignright\" src=\"https:\/\/mathematicum.univ-pau.fr\/site\/wp-content\/uploads\/2018\/04\/cd-150x150.png\" alt=\"\" width=\"150\" height=\"150\" srcset=\"https:\/\/mathematicum.univ-pau.fr\/site\/wp-content\/uploads\/2018\/04\/cd-150x150.png 150w, https:\/\/mathematicum.univ-pau.fr\/site\/wp-content\/uploads\/2018\/04\/cd.png 200w\" sizes=\"auto, (max-width: 150px) 100vw, 150px\" \/><\/td>\n<\/tr>\n<\/tbody>\n<\/table>\n","protected":false},"excerpt":{"rendered":"<p>L&rsquo;\u00e9quipe du Mathematicum est constitu\u00e9e de membres permanents du Laboratoire de Math\u00e9matiques et leurs Applications\u00a0(LMA,\u00a0UMR 5142 UPPA\/CNRS) situ\u00e9s sur le campus de Pau et celui de la c\u00f4te Basque \u00e0 Anglet : Jacky Cresson Professeur des universit\u00e9s Laur\u00e8ne Hume Post-doctorante Isabelle Greff Ma\u00eetre de conf\u00e9rences Laurent Levi Ma\u00eetre de conf\u00e9rences B\u00e9n\u00e9dicte Puig Ma\u00eetre de conf\u00e9rences [&hellip;]<\/p>\n","protected":false},"author":3,"featured_media":0,"parent":0,"menu_order":0,"comment_status":"closed","ping_status":"closed","template":"","meta":{"_acf_changed":false,"footnotes":""},"class_list":["post-368","page","type-page","status-publish","hentry"],"acf":[],"_links":{"self":[{"href":"https:\/\/mathematicum.univ-pau.fr\/site\/wp-json\/wp\/v2\/pages\/368","targetHints":{"allow":["GET"]}}],"collection":[{"href":"https:\/\/mathematicum.univ-pau.fr\/site\/wp-json\/wp\/v2\/pages"}],"about":[{"href":"https:\/\/mathematicum.univ-pau.fr\/site\/wp-json\/wp\/v2\/types\/page"}],"author":[{"embeddable":true,"href":"https:\/\/mathematicum.univ-pau.fr\/site\/wp-json\/wp\/v2\/users\/3"}],"replies":[{"embeddable":true,"href":"https:\/\/mathematicum.univ-pau.fr\/site\/wp-json\/wp\/v2\/comments?post=368"}],"version-history":[{"count":30,"href":"https:\/\/mathematicum.univ-pau.fr\/site\/wp-json\/wp\/v2\/pages\/368\/revisions"}],"predecessor-version":[{"id":1969,"href":"https:\/\/mathematicum.univ-pau.fr\/site\/wp-json\/wp\/v2\/pages\/368\/revisions\/1969"}],"wp:attachment":[{"href":"https:\/\/mathematicum.univ-pau.fr\/site\/wp-json\/wp\/v2\/media?parent=368"}],"curies":[{"name":"wp","href":"https:\/\/api.w.org\/{rel}","templated":true}]}}