{"id":2,"date":"2015-12-15T20:54:32","date_gmt":"2015-12-15T19:54:32","guid":{"rendered":"http:\/\/mathematicum.univ-pau.fr\/wp\/?page_id=2"},"modified":"2024-04-08T17:50:08","modified_gmt":"2024-04-08T15:50:08","slug":"page-d-exemple","status":"publish","type":"page","link":"https:\/\/mathematicum.univ-pau.fr\/site\/","title":{"rendered":"Bienvenue"},"content":{"rendered":"<p><a href=\"http:\/\/mathematicum.univ-pau.fr\/site\/wp-content\/uploads\/2015\/12\/DSCF2274.jpg\"><img loading=\"lazy\" decoding=\"async\" class=\"wp-image-100 alignright\" src=\"http:\/\/mathematicum.univ-pau.fr\/site\/wp-content\/uploads\/2015\/12\/DSCF2274.jpg\" alt=\"Origami et math\u00e9matiques\" width=\"262\" height=\"197\" srcset=\"https:\/\/mathematicum.univ-pau.fr\/site\/wp-content\/uploads\/2015\/12\/DSCF2274.jpg 576w, https:\/\/mathematicum.univ-pau.fr\/site\/wp-content\/uploads\/2015\/12\/DSCF2274-300x225.jpg 300w\" sizes=\"auto, (max-width: 262px) 100vw, 262px\" \/><\/a>Le <strong>Mathematicum<\/strong> est une initiative du <strong>Laboratoire de Math\u00e9matiques et leurs Applications<\/strong> (LMA, UMR 5142 CNRS\/UPPA) de l&rsquo;<strong>Universit\u00e9 de Pau et des Pays de l&rsquo;Adour<\/strong> destin\u00e9e \u00e0 pr\u00e9senter les math\u00e9matiques sous toutes leurs formes via des ateliers pratiques, des expos\u00e9s, des expositions, des vid\u00e9os. Il est anim\u00e9 par un <a href=\"http:\/\/mathematicum.univ-pau.fr\/site\/membres-du-mathematicum\/\">groupe<\/a> d&rsquo;enseignants-chercheurs et de doctorants.<\/p>\n<p style=\"text-align: justify;\">Le <strong>Mathematicum<\/strong> fonctionne tout au long de l&rsquo;ann\u00e9e. Ces activit\u00e9s se d\u00e9roulent \u00e0 l&rsquo;universit\u00e9 de Pau ou bien dans l&rsquo;\u00e9tablissement scolaire demandeur. Elles sont <strong>gratuites<\/strong>.<\/p>\n<p style=\"text-align: justify;\">Les demandes s&rsquo;effectuent en envoyant un courrier \u00e9lectronique\u00a0via notre <a href=\"http:\/\/mathematicum.univ-pau.fr\/site\/contact\/\">page de contact<\/a>.<\/p>\n<p>Utilisez les menus d\u00e9roulants pour d\u00e9couvrir ce site.<\/p>\n<hr \/>\n<p style=\"text-align: center;\"><strong>Voir la <a href=\"https:\/\/mathematicum.univ-pau.fr\/site\/category\/toutes-categories\/\">liste des prochains \u00e9v\u00e9nements<\/a><\/strong><\/p>\n<hr \/>\n<p>Suivez-nous sur Mastodon : <a href=\"https:\/\/social.sciences.re\/@mathematicum\" target=\"_blank\" rel=\"noopener\">@math&#101;&#109;&#97;&#116;&#105;&#99;&#117;&#x6d;&#x40;&#x73;&#x63;&#x69;&#x65;&#x6e;&#x63;&#x65;s&#46;re<\/a><\/p>\n","protected":false},"excerpt":{"rendered":"<p>Le Mathematicum est une initiative du Laboratoire de Math\u00e9matiques et leurs Applications (LMA, UMR 5142 CNRS\/UPPA) de l&rsquo;Universit\u00e9 de Pau et des Pays de l&rsquo;Adour destin\u00e9e \u00e0 pr\u00e9senter les math\u00e9matiques sous toutes leurs formes via des ateliers pratiques, des expos\u00e9s, des expositions, des vid\u00e9os. Il est anim\u00e9 par un groupe d&rsquo;enseignants-chercheurs et de doctorants. Le [&hellip;]<\/p>\n","protected":false},"author":1,"featured_media":0,"parent":0,"menu_order":0,"comment_status":"closed","ping_status":"open","template":"","meta":{"_acf_changed":false,"footnotes":""},"class_list":["post-2","page","type-page","status-publish","hentry"],"acf":[],"_links":{"self":[{"href":"https:\/\/mathematicum.univ-pau.fr\/site\/wp-json\/wp\/v2\/pages\/2","targetHints":{"allow":["GET"]}}],"collection":[{"href":"https:\/\/mathematicum.univ-pau.fr\/site\/wp-json\/wp\/v2\/pages"}],"about":[{"href":"https:\/\/mathematicum.univ-pau.fr\/site\/wp-json\/wp\/v2\/types\/page"}],"author":[{"embeddable":true,"href":"https:\/\/mathematicum.univ-pau.fr\/site\/wp-json\/wp\/v2\/users\/1"}],"replies":[{"embeddable":true,"href":"https:\/\/mathematicum.univ-pau.fr\/site\/wp-json\/wp\/v2\/comments?post=2"}],"version-history":[{"count":30,"href":"https:\/\/mathematicum.univ-pau.fr\/site\/wp-json\/wp\/v2\/pages\/2\/revisions"}],"predecessor-version":[{"id":1848,"href":"https:\/\/mathematicum.univ-pau.fr\/site\/wp-json\/wp\/v2\/pages\/2\/revisions\/1848"}],"wp:attachment":[{"href":"https:\/\/mathematicum.univ-pau.fr\/site\/wp-json\/wp\/v2\/media?parent=2"}],"curies":[{"name":"wp","href":"https:\/\/api.w.org\/{rel}","templated":true}]}}