{"id":13,"date":"2015-12-15T22:14:29","date_gmt":"2015-12-15T21:14:29","guid":{"rendered":"http:\/\/mathematicum.univ-pau.fr\/wp\/?page_id=13"},"modified":"2024-02-13T14:55:51","modified_gmt":"2024-02-13T13:55:51","slug":"contact","status":"publish","type":"page","link":"https:\/\/mathematicum.univ-pau.fr\/site\/contact\/","title":{"rendered":"Contact"},"content":{"rendered":"<h3>Adresse \u00e9lectronique<\/h3>\n<p>Pour toute demande, \u00e9crire un courrier \u00e9lectronique \u00e0 : <strong>mathematicum <em>\u00ab\u00a0arobase\u00a0\u00bb<\/em> univ-pau.fr<\/strong><\/p>\n<h3>Adresse postale<\/h3>\n<p>Jacky Cresson &#8211; Mathematicum<br \/>\nUPPA, Coll\u00e8ge STEE<br \/>\nAvenue de l&rsquo;Universit\u00e9<br \/>\n64013 PAU<\/p>\n<p>T\u00e9l\u00e9phone : 05 59 40 75 21<br \/>\nFax : 05\u00a059 40 75 55<\/p>\n<h3>R\u00e9seaux sociaux<\/h3>\n<p>Suivez-nous sur Mastodon : <a href=\"https:\/\/social.sciences.re\/@mathematicum\" target=\"_blank\" rel=\"noopener\">@m&#97;&#x74;&#x68;e&#109;&#97;&#x74;&#x69;c&#117;&#x6d;&#x40;s&#99;&#105;&#x65;&#x6e;c&#101;&#x73;&#x2e;r&#101;<\/a><\/p>\n<h3>Vid\u00e9os<\/h3>\n<p>Notre cha\u00eene YouTube : <a href=\"https:\/\/www.youtube.com\/@mathematicum2423\" target=\"_blank\" rel=\"noopener\">https:\/\/www.youtube.com\/@mathematicum2423<\/a><\/p>\n","protected":false},"excerpt":{"rendered":"<p>Adresse \u00e9lectronique Pour toute demande, \u00e9crire un courrier \u00e9lectronique \u00e0 : mathematicum \u00ab\u00a0arobase\u00a0\u00bb univ-pau.fr Adresse postale Jacky Cresson &#8211; Mathematicum UPPA, Coll\u00e8ge STEE Avenue de l&rsquo;Universit\u00e9 64013 PAU T\u00e9l\u00e9phone : 05 59 40 75 21 Fax : 05\u00a059 40 75 55 R\u00e9seaux sociaux Suivez-nous sur Mastodon : @math&#101;&#109;&#97;&#116;&#105;&#99;&#117;&#x6d;&#x40;&#x73;&#x63;&#x69;&#x65;&#x6e;&#x63;&#x65;s&#46;re Vid\u00e9os Notre cha\u00eene YouTube : https:\/\/www.youtube.com\/@mathematicum2423<\/p>\n","protected":false},"author":1,"featured_media":0,"parent":0,"menu_order":0,"comment_status":"closed","ping_status":"closed","template":"","meta":{"_acf_changed":false,"footnotes":""},"class_list":["post-13","page","type-page","status-publish","hentry"],"acf":[],"_links":{"self":[{"href":"https:\/\/mathematicum.univ-pau.fr\/site\/wp-json\/wp\/v2\/pages\/13","targetHints":{"allow":["GET"]}}],"collection":[{"href":"https:\/\/mathematicum.univ-pau.fr\/site\/wp-json\/wp\/v2\/pages"}],"about":[{"href":"https:\/\/mathematicum.univ-pau.fr\/site\/wp-json\/wp\/v2\/types\/page"}],"author":[{"embeddable":true,"href":"https:\/\/mathematicum.univ-pau.fr\/site\/wp-json\/wp\/v2\/users\/1"}],"replies":[{"embeddable":true,"href":"https:\/\/mathematicum.univ-pau.fr\/site\/wp-json\/wp\/v2\/comments?post=13"}],"version-history":[{"count":11,"href":"https:\/\/mathematicum.univ-pau.fr\/site\/wp-json\/wp\/v2\/pages\/13\/revisions"}],"predecessor-version":[{"id":1820,"href":"https:\/\/mathematicum.univ-pau.fr\/site\/wp-json\/wp\/v2\/pages\/13\/revisions\/1820"}],"wp:attachment":[{"href":"https:\/\/mathematicum.univ-pau.fr\/site\/wp-json\/wp\/v2\/media?parent=13"}],"curies":[{"name":"wp","href":"https:\/\/api.w.org\/{rel}","templated":true}]}}